omposite number?
True
Is 17666549 composite?
True
Is 250213 a composite number?
True
Is 3543721 prime?
True
Is 403563269 prime?
True
Is 13326151 composite?
True
Is 10649533 composite?
True
Is 22519837 prime?
False
Is 403441 prime?
False
Is 1500203 a prime number?
False
Is 14437057 prime?
False
Is 11039737 prime?
True
Is 67081093 composite?
True
Is 1707599 a prime number?
False
Is 15871337 prime?
False
Is 294523 a prime number?
True
Is 68685707 composite?
True
Is 25284299 composite?
False
Is 242574529 prime?
False
Is 49907337 a composite number?
True
Is 1242739 a prime number?
True
Is 5019173 prime?
False
Is 674533 composite?
False
Is 27761117 composite?
False
Is 10136293 a prime number?
False
Is 65401327 a prime number?
True
Is 6296341 a composite number?
True
Is 119425037 a prime number?
True
Is 8744783 composite?
True
Is 263369 a composite number?
False
Is 74684527 composite?
False
Is 31706827 a prime number?
True
Is 47270851 a prime number?
False
Is 5541713 prime?
True
Is 27534643 a composite number?
False
Is 25081345 composite?
True
Is 103903427 prime?
False
Is 22069457 composite?
False
Is 225646958 prime?
False
Is 316152479 a prime number?
True
Is 52525929 composite?
True
Is 15196513 composite?
False
Is 30494749 a composite number?
False
Is 20766287 composite?
True
Is 423372517 a composite number?
False
Is 1522081 a prime number?
False
Is 13688273 prime?
True
Is 364031629 a composite number?
True
Is 234874121 a prime number?
False
Is 831887923 a prime number?
True
Is 792535 a prime number?
False
Is 1260383 prime?
True
Is 1980019 a composite number?
False
Is 64064557 composite?
True
Is 80387665 a composite number?
True
Is 15633949 a prime number?
True
Is 153485443 a composite number?
True
Is 1572997 a prime number?
True
Is 102581369 prime?
False
Is 260644507 prime?
False
Is 99856291 a prime number?
True
Is 140698973 a composite number?
False
Is 10648427 composite?
False
Is 3554153 prime?
False
Is 75518659 composite?
False
Is 61207 composite?
True
Is 40234543 a composite number?
False
Is 24031331 a composite number?
False
Is 38220977 prime?
True
Is 62063563 prime?
True
Is 20405641 a prime number?
True
Is 43762207 prime?
True
Is 1124509 prime?
True
Is 1856977 a composite number?
True
Is 2385847 a composite number?
False
Is 1659971 a prime number?
True
Is 798731 composite?
True
Is 35773051 composite?
False
Is 106388573 a prime number?
False
Is 247500361 a composite number?
True
Is 97330271 prime?
True
Is 21855541 a prime number?
True
Is 8429177 a prime number?
False
Is 48441401 composite?
False
Is 122373313 composite?
True
Is 2745346 a composite number?
True
Is 940061 composite?
True
Is 192359669 prime?
False
Is 10194727 prime?
False
Is 316830311 a composite number?
True
Is 5186081 composite?
False
Is 55026806 composite?
True
Is 10242847 a composite number?
False
Is 5447231 a prime number?
True
Is 3077047 a composite number?
False
Is 7609661 composite?
False
Is 7163719 a prime number?
True
Is 5434321 a prime number?
True
Is 24882299 composite?
True
Is 3059863 a composite number?
True
Is 86027189 a prime number?
False
Is 5598919 composite?
True
Is 15737141 a prime number?
False
Is 3351779 a composite number?
False
Is 258779 a composite number?
False
Is 27718699 prime?
False
Is 5654549 prime?
True
Is 49221677 composite?
False
Is 73406131 prime?
False
Is 308003 prime?
True
Is 807629 a composite number?
False
Is 2061499 a composite number?
True
Is 45980173 prime?
True
Is 170678297 a composite number?
False
Is 271873 a prime number?
False
Is 22370893 prime?
False
Is 307147 prime?
True
Is 320741 prime?
True
Is 2361365 a composite number?
True
Is 3612463 composite?
True
Is 1006948389 prime?
False
Is 44731127 composite?
True
Is 10801457 a composite number?
True
Is 4134387 composite?
True
Is 873331 a prime number?
True
Is 198689 a prime number?
True
Is 2035171 a prime number?
False
Is 10395707 a prime number?
False
Is 77703221 a composite number?
False
Is 4337609 prime?
True
Is 3045101 a prime number?
True
Is 88254233 prime?
True
Is 65886797 prime?
False
Is 260003 a composite number?
False
Is 33306941 prime?
True
Is 9726743 a prime number?
False
Is 52177 a composite number?
False
Is 24328973 composite?
True
Is 9048863 a prime number?
False
Is 10125629 prime?
True
Is 2022443 a composite number?
True
Is 167611163 prime?
True
Is 32810917 a composite number?
False
Is 13615633 a composite number?
False
Is 1952337 prime?
False
Is 3006851 a composite number?
False
Is 157476283 composite?
False
Is 168285539 a prime number?
True
Is 32203453 a composite number?
True
Is 972409117 a prime number?
False
Is 2523641 a prime number?
True
Is 1401937 a prime number?
True
Is 2258149 prime?
True
Is 264683 a prime number?
False
Is 29698034 a prime number?
False
Is 28050509 composite?
False
Is 6467773 composite?
True
Is 15063073 a composite number?
False
Is 5320043 composite?
True
Is 211994807 composite?
False
Is 250511047 prime?
True
Is 38690027 a composite number?
False
Is 3307321 prime?
False
Is 15492419 composite?
False
Is 27249791 prime?
False
Is 72246131 a composite number?
False
Is 527946829 composite?
False
Is 72206111 a composite number?
False
Is 134244637 prime?
True
Is 7525931 composite?
True
Is 161510137 a composite number?
False
Is 13287587 prime?
True
Is 104146153 prime?
True
Is 12139781 a prime number?
False
Is 1032917 a composite number?
True
Is 127356181 a prime number?
False
Is 20063149 composite?
False
Is 11767303 prime?
True
Is 40343 a composite number?
False
Is 1620121 composite?
False
Is 117787297 a composite number?
True
Is 404830241 a prime number?
True
Is 266148749 a composite number?
False
Is 228126629 a prime number?
True
Is 18228557 prime?
True
Is 54537751 prime?
False
Is 80012003 a composite number?
True
Is 1645703 a composite number?
True
Is 3005201 prime?
False
Is 192057 a composite number?
True
Is 1378759 prime?
True
Is 483663 prime?
False
Is 43032233 a composite number?
False
Is 361800241 a composite number?
True
Is 4160123 prime?
False
Is 273062 composite?
True
Is 88944199 prime?
True
Is 41287621 a prime number?
False
Is 228489571 prime?
False
Is 14229877 a composite number?
True
Is 48487 composite?
False
Is 37979153 a prime number?
True
Is 233862851 a prime number?
True
Is 139897091 composite?
False
Is 920981 composite?
True
Is 6950051 a composite number?
True
Is 13945073 a prime number?
False
Is 630715 a prime number?
False
Is 8520817 composite?
True
Is 507469 composite?
True
Is 284281967 a composite number?
False
Is 211177663 prime?
False
Is 220762895 a composite number?
True
Is 2371073 a composite number?
False
Is 924817 prime?
False
Is 34667881 prime?
True
Is 30200609 composite?
True
Is 171897701 prime?
True
Is 73001579 a prime number?
False
Is 105190851 prime?
False
Is 11359109 a prime number?
True
Is 96137059 a composite number?
True
Is 113671499 a prime number?
True
Is 338531 prime?
True
Is 2679899 a prime number?
True
Is 299411 prime?
False
Is 26524717 a composite number?
False
Is 24911207 a composite number?
True
Is 41842013 a composite number?
False
Is 10250223 a composite number?
True
Is 4152949 composite?
True
Is 223660481 a composite number?
True
Is 29645983 composite?
False
Is 50710267 composite?
False
Is 11645857 a prime number?
True
Is 575344631 prime?
False
Is 43972409 composite?
True
Is 6735089 composite?
False
Is 133051049 a prime number?
True
Is 21419657 a composite number?
True
Is 34472777 a prime number?
True
Is 974250218 a prime number?
False
Is 251998987 composite?
False
Is 158773 prime?
False
Is 167277563 a composite number?
False
Is 16318261 a composite number?
False
Is 21771491 a composite number?
True
Is 122491 a composite number?
True
Is 2940163 a prime number?
True
Is 977330461 prime?
False
Is 19665869 prime?
True
Is 36251153 composite?
True
Is 15057511 composite?
True
Is 793591 a composite number?
False
Is 1349317 composite?
False
Is 119217431 a prime number?
True
Is 2782331 a composite number?
False
Is 398499 a prime number?
False
Is 17063813 a prime number?
False
Is 98683163 prime?
True
Is 53968415 prime?
False
Is 506395237 composite?
False
Is 302395843 a prime number?
False
Is 18582529 a prime number?
False
Is 1593905 composite?
True
Is 73599157 prime?
True
Is 117507319 composite?
True
Is 282281 comp